125?
133
In base 12, what is 20 - -10?
30
In base 11, what is -a + 1?
-9
In base 6, what is -1 + 10?
5
In base 13, what is 4a - -3?
50
In base 7, what is 13 + -1435?
-1422
In base 7, what is 1 - 1353?
-1352
In base 8, what is -170 - 4?
-174
In base 8, what is 245 + 6?
253
In base 14, what is -4ca - -18?
-4b2
In base 10, what is -29 - 7?
-36
In base 12, what is -17 - 1115?
-1130
In base 15, what is 69 - 17?
52
In base 11, what is -21 - -4?
-18
In base 16, what is -3 - -347?
344
In base 5, what is 1013 + 1?
1014
In base 4, what is 1032 - 123?
303
In base 2, what is -100 - -1101010101101?
1101010101001
In base 10, what is -2265 + 2?
-2263
In base 9, what is -123 + -5?
-128
In base 2, what is 10000 - -110?
10110
In base 7, what is 13 + -525?
-512
In base 13, what is -3 - 33?
-36
In base 4, what is 302102 + -1?
302101
In base 15, what is d8 - -1?
d9
In base 12, what is -16 + 2?
-14
In base 6, what is -102 + -213?
-315
In base 12, what is -13a - 4?
-142
In base 9, what is -41 - 15?
-56
In base 2, what is -11 + 110011?
110000
In base 2, what is 10 - -10001100?
10001110
In base 2, what is 101 + 11010111101?
11011000010
In base 8, what is -107 + -64?
-173
In base 11, what is 174 + 3?
177
In base 13, what is 3 - 1c8c?
-1c89
In base 13, what is 1377 - -1?
1378
In base 10, what is 109 + -2?
107
In base 7, what is -5 - 1554?
-1562
In base 11, what is -89 - 0?
-89
In base 9, what is 52 - 6?
45
In base 10, what is -10 - -75?
65
In base 14, what is -652 + -2?
-654
In base 11, what is -7383 - -2?
-7381
In base 14, what is 4b35 + -5?
4b30
In base 11, what is 6a2a + -3?
6a27
In base 16, what is -e6 + 3?
-e3
In base 2, what is -1000100100 + -10?
-1000100110
In base 3, what is 20112 + 22?
20211
In base 2, what is 1110 + 101001000101?
101001010011
In base 15, what is c - -4c?
59
In base 4, what is -11 - 1023?
-1100
In base 11, what is 1 - -285?
286
In base 7, what is 0 - -40?
40
In base 14, what is 13b7 - -1?
13b8
In base 9, what is -4 - 2440?
-2444
In base 3, what is -200 + -112210?
-120110
In base 12, what is -1 + -184a?
-184b
In base 3, what is 20 - 1011?
-221
In base 5, what is 314 - 11?
303
In base 14, what is -97 + 12?
-85
In base 5, what is -3 + 31221?
31213
In base 16, what is 5 - 702?
-6fd
In base 3, what is 102221000 - -1?
102221001
In base 9, what is 3 - 17?
-14
In base 15, what is -34a - 1?
-34b
In base 11, what is -4 + -4a?
-53
In base 10, what is 74 - 3?
71
In base 16, what is -2 - 3e?
-40
In base 15, what is -32 - -6d?
3b
In base 10, what is -12 + 15?
3
In base 6, what is 11123 + 0?
11123
In base 16, what is -5 + -2b4?
-2b9
In base 14, what is -1 + -599?
-59a
In base 10, what is -44 - 102?
-146
In base 9, what is 10 - -3?
13
In base 10, what is 2 + 24?
26
In base 2, what is 111110 + 10?
1000000
In base 13, what is 10 - 9?
4
In base 6, what is 1 + 442?
443
In base 15, what is 2 + 417?
419
In base 13, what is -2 + 5?
3
In base 16, what is 3cc0 - -3?
3cc3
In base 5, what is 10 + -404?
-344
In base 13, what is 4 + -1a3?
-19c
In base 11, what is -71 - -3?
-69
In base 9, what is 2 - -178?
181
In base 2, what is 10001110100010 + 10?
10001110100100
In base 15, what is -2 + -2c?
-2e
In base 13, what is -884 + -5?
-889
In base 2, what is 0 + 1011111010101?
1011111010101
In base 15, what is 18 + 3?
1b
In base 10, what is 374 + 4?
378
In base 5, what is -1 + 1411?
1410
In base 14, what is 5 - -1?
6
In base 7, what is -1255 - -3?
-1252
In base 15, what is a39 + 3?
a3c
In base 2, what is -1 + 10100?
10011
In base 4, what is 0 - -1113?
1113
In base 10, what is -1 + 53?
52
In base 12, what is -101b3 + -2?
-101b5
In base 7, what is 442 - -4?
446
In base 8, what is 7 - -242?
251
In base 15, what is 1118 - 4?
1114
In base 6, what is -452 + 20?
-432
In base 5, what is 31042 + 4?
31101
In base 15, what is 37 - 1b?
1b
In base 11, what is -7 - -3?
-4
In base 15, what is 3 - -205?
208
In base 10, what is 207 - 3?
204
In base 12, what is -3 - -476?
473
In base 16, what is 0 + -7?
-7
In base 3, what is 1010 - 12?
221
In base 9, what is 144 - -1?
145
In base 5, what is 43 - 3?
40
In base 12, what is -2 + -5?
-7
In base 4, what is 1320 - 3?
1311
In base 14, what is 67d + 5?
684
In base 13, what is -4 - 4c?
-53
In base 10, what is 1867 + -2?
1865
In base 9, what is 0 - 0?
0
In base 11, what is -4 - 23?
-27
In base 2, what is 100 - 1011011100?
-1011011000
In base 7, what is 114 - -6?
123
In base 15, what is -4 - -5dc?
5d8
In base 5, what is -21242 + -3?
-21300
In base 14, what is 1 + -1d2?
-1d1
In base 8, what is 12 - -322?
334
In base 7, what is -125 + -14?
-142
In base 5, what is -3 + 1214?
1211
In base 11, what is 1 + -16?
-15
In base 11, what is -3 - 54?
-57
In base 11, what is -1 + -42?
-43
In base 6, what is 2222 + 10?
2232
In base 10, what is -518 - 0?
-518
In base 11, what is 3a8 - -4?
401
In base 9, what is 1 + 776?
777
In base 8, what is 1 - 174?
-173
In base 6, what is 1 + 1113?
1114
In base 16, what is 217 - 3?
214
In base 4, what is 23021 + 13?
23100
In base 15, what is 4 + 76?
7a
In base 14, what is -20 + 1?
-1d
In base 10, what is 3951 - -5?
3956
In base 15, what is -2 - -a2?
a0
In base 12, what is -4 - 96?
-9a
In base 9, what is 5 + 362?
367
In base 8, what is 1014 + 0?
1014
In base 2, what is 11100010010 - 1?
11100010001
In base 5, what is -11 - 4?
-20
In base 5, what is -2 - 340?
-342
In base 2, what is 100 + 110001111?
110010011
In base 16, what is 36 - 1f?
17
In base 12, what is -167 + -2?
-169
In base 16, what is 2 + -14?
-12
In base 15, what is -273 - 18?
-28b
In base 9, what is -7 - -33?
25
In base 8, what is 40 - 54?
-14
In base 15, what is -1 + 19?
18
In base 9, what is 20504 - -5?
20510
In base 15, what is -4 - 2e6?
-2ea
In base 5, what is -231 - 1013?
-1244
In base 13, what is -3 + -24?
-27
In base 2, what is -101000 + -10001?
-111001
In base 16, what is -83 - 0?
-83
In base 14, what is -21a + -3?
-21d
In base 16, what is 171 - -4?
175
In base 4, what is -1223 + 11?
-1212
In base 6, what is -4 + -212?
-220
In base 15, what is -3b - -6?
-35
In base 3, what is 21 + -202012?
-201221
In base 13, what is 18 - -27?
42
In base 4, what is -3303 + 3?
-3300
In base 11, what is 1 + -300?
-2aa
In base 15, what is 1c10 + -2?
1c0d
In base 3, what is -2 - 220111?
-220120
In base 10, what is 5 + 22?
27
In base 6, what is -1233 + 2?
-1231
In base 13, what is -3 + -49?
-4c
In base 11, what is -249 - -4?
-245
In base 4, what is -2221 + 0?
-2221
In base 16, what is -c0 + 64?
-5c
In base 3, what is 11 - -101112?
101200
In base 2, what is -1110 + -100?
-10010
In base 4, what is -11 - -103323?
103312
In base 5, what is -3 - 2000?
-2003
In base 5, what is -141 + 30?
-111
In base 13, what is -4c - 53?
-a2
In base 13, what is a46 - -5?
a4b
In base 4, what is 11 + -1300?
-1223
In base 3, what is -12 + 12020?
12001
In base 10, what is 33 + -40?
-7
In base 9, what is 23 - -31?
54
In base 7, what is 36 - 34?
2
In base 11, what is 3 + -39?
-36
In base 6, what is 103 - 2?
101
In base 8, what is -2 - -12?
10
In base 16, what is -5 + 8c3?
8be
In base 14, what is 4d - 2a?
23
In base 15, what is 8 + ae?
b7
In base 14, what is 3 + -113?
-110
In base 13, what is c5 + -1?
c4
In base 15, what is -3 - 121?
-124
In base 8, what is -3 - 265?
-270
In base 3, what is -12 + 2021?
2002
In base 16, what is ef + -2b?
c4
In base 5, what is -3 - -233?
230
In base 8, what is -1 - -41?
40
In base 10, what is -74 - 63?
-137
In base 2, what is -10 - 110111001110?
-110111010000
In base 14, what is -a69 + -3?
-a6c
In base 9, what is 81 + -2?
78
In base 13, what is -7331 - 1?
-7332
In base 10, what is 8 - 4?
4
In base 6, what is 10 + 550?
1000
In base 11, what is 0 + -8?
-8
In base 11, what is -2 - -85?
83
In base 5, what is 133 - 24?
104
In base 7, what is -52 - 111?
-163
In base 10, what is 2 + 125?
127
In base 13, what is 40 + 1c?
5c
In base 9, what is -3 - -180?
176
In base 11, what is 79 - -3?
81
In base 7, what is -356 + -2?
-361
In base 13, what is 1684 - -2?
1686
In base 10, what is 14 + 2?
16
In base 10, what is 3244 - 0?
3244
In base 15, what is -293 - -b?
-287
In base 3, what is 2100212 - 1?
2100211
In base 8, what is 24217 - -5?
24224
In base 7, what is 2 - 14?
-12
In base 4, what is -11 + -100?
-111
In base 15, what is -26 + -2b?
-52
In base 7, what is -3 - 2651?
-2654
In base 6, what is 454 